{"id":6277,"date":"2025-11-22T04:32:22","date_gmt":"2025-11-22T04:32:22","guid":{"rendered":"https:\/\/ancco.com.pe\/tienda\/?post_type=product&#038;p=6277"},"modified":"2025-11-22T04:34:54","modified_gmt":"2025-11-22T04:34:54","slug":"estabilizador-de-voltaje-5kva-5000w-220v","status":"publish","type":"product","link":"https:\/\/ancco.com.pe\/tienda\/producto\/estabilizador-de-voltaje-5kva-5000w-220v\/","title":{"rendered":"Estabilizador de Voltaje 5KVA \/ 5000W \u2013 220V"},"content":{"rendered":"<div class=\"main-content col-lg-9\">\n<div id=\"primary\" class=\"content-area\">\n<p><b>Caracter\u00edsticas t\u00e9cnicas:<\/b><\/p>\n<p>INGRESO:<br \/>\nIngreso: 220V AC<br \/>\nRango: 160V \u2013 260V AC (Rango en voltaje de ingreso)<br \/>\nConectores de Ingreso: Bornera baquelita<br \/>\nFase: 1PH \u2013 Monof\u00e1sico<br \/>\nFrecuencia: 50 \u2013 60 Hz<\/p>\n<p>SALIDA:<br \/>\nPotencia Real: 5000W \/ 5000VA<br \/>\nSalida: 220V AC<br \/>\nRango: +\/- 3% Lazo Cerrado (Precisi\u00f3n en voltaje de salida)<br \/>\nFase: 1PH \u2013 Monof\u00e1sico<br \/>\nFrecuencia: 50 \u2013 60 Hz<br \/>\nTipo de Protecci\u00f3n: Llave Termomagn\u00e9tica<br \/>\nConectores de salida: Bornera baquelita<br \/>\nIndicador de Voltaje: Meter Anal\u00f3gico<br \/>\nEficiencia: &gt; 98%<\/p>\n<p><strong>TRANSFORMADOR:<br \/>\n<\/strong>\u00a0Tipo: Auto-Transformador en Seco<br \/>\nFactor: K-13<br \/>\nNorma de fabricaci\u00f3n: IEC \u2013 76 ITINTEC 370 \u2013 002<br \/>\nMontaje: Interior<\/p>\n<p><strong>CONDICIONES DE TRABAJO:<br \/>\n<\/strong>Altitud m\u00e1xima: 4800 m.s.n.m<br \/>\nTemperatura de Trabajo: 0\u00b0 ~ 60 \u00b0C<br \/>\nHumedad Relativa: 0 ~ 95 % Sin condensaci\u00f3n<\/p>\n<p><strong>EQUIPO:<br \/>\n<\/strong>Gabinete de protecci\u00f3n: IP20<br \/>\nGabinete met\u00e1lico: Fabricado en plancha LAF<br \/>\nAcabados: El gabinete es sometido a un proceso anticorrosivo de tipo fosfatizado. El pintado es de base ep\u00f3xido anticorrosivo y el acabado ser\u00e1 ep\u00f3xido crema. El proceso de pintado es electrost\u00e1tico.<\/p>\n<p><strong>CERTIFICACIONES:<\/strong><br \/>\nProductos de primera calidad, certificados con normas internacionales: ISSO 9001 y SGS. Cumpliendo con todas las pruebas t\u00e9cnicas que exigen las normas nacionales e internacionales.<\/p>\n<p>ITINTEC 370.002: Dise\u00f1o de fabricaci\u00f3n y pruebas<br \/>\nIEC 60076: Dise\u00f1o de fabricaci\u00f3n y pruebas<br \/>\nIEC 60076-7: Dise\u00f1o de fabricaci\u00f3n y pruebas<br \/>\nANSI C571210: Dise\u00f1o de fabricaci\u00f3n y pruebas<\/p>\n<\/div>\n<\/div>\n","protected":false},"excerpt":{"rendered":"<p><strong>Detalles R\u00e1pidos:<\/strong><\/p>\n<ul>\n<li>Lugar de Origen: Lima, Per\u00fa<\/li>\n<li>Nombre de la marca: JUPE<\/li>\n<li>N\u00famero de modelo: SVC-5000W<\/li>\n<li>Fase: 1PH \u2013 Monof\u00e1sico<\/li>\n<li>Voltaje de entrada: 220V AC<\/li>\n<li>Voltaje de salida: 220V AC<\/li>\n<li>Frecuencia de trabajo: 50\/60Hz<\/li>\n<li>Material de bobinado: Cobre<\/li>\n<li>M\u00e9todo de enfriamiento: Refrigeraci\u00f3n por aire natural de tipo seco<\/li>\n<\/ul>\n","protected":false},"featured_media":6278,"template":"","meta":{"_joinchat":[]},"product_brand":[],"product_cat":[44],"product_tag":[266],"class_list":{"0":"post-6277","1":"product","2":"type-product","3":"status-publish","4":"has-post-thumbnail","6":"product_cat-estabilizador-de-voltaje","7":"product_tag-estabilizador-de-voltaje-servomotor","9":"first","10":"instock","11":"sale","12":"shipping-taxable","13":"purchasable","14":"product-type-simple"},"_links":{"self":[{"href":"https:\/\/ancco.com.pe\/tienda\/wp-json\/wp\/v2\/product\/6277","targetHints":{"allow":["GET"]}}],"collection":[{"href":"https:\/\/ancco.com.pe\/tienda\/wp-json\/wp\/v2\/product"}],"about":[{"href":"https:\/\/ancco.com.pe\/tienda\/wp-json\/wp\/v2\/types\/product"}],"wp:featuredmedia":[{"embeddable":true,"href":"https:\/\/ancco.com.pe\/tienda\/wp-json\/wp\/v2\/media\/6278"}],"wp:attachment":[{"href":"https:\/\/ancco.com.pe\/tienda\/wp-json\/wp\/v2\/media?parent=6277"}],"wp:term":[{"taxonomy":"product_brand","embeddable":true,"href":"https:\/\/ancco.com.pe\/tienda\/wp-json\/wp\/v2\/product_brand?post=6277"},{"taxonomy":"product_cat","embeddable":true,"href":"https:\/\/ancco.com.pe\/tienda\/wp-json\/wp\/v2\/product_cat?post=6277"},{"taxonomy":"product_tag","embeddable":true,"href":"https:\/\/ancco.com.pe\/tienda\/wp-json\/wp\/v2\/product_tag?post=6277"}],"curies":[{"name":"wp","href":"https:\/\/api.w.org\/{rel}","templated":true}]}}