{"id":6239,"date":"2025-11-22T03:24:47","date_gmt":"2025-11-22T03:24:47","guid":{"rendered":"https:\/\/ancco.com.pe\/tienda\/?post_type=product&#038;p=6239"},"modified":"2025-11-22T03:31:40","modified_gmt":"2025-11-22T03:31:40","slug":"autotransformador-de-4kva-220v-a-110v-50-60hz","status":"publish","type":"product","link":"https:\/\/ancco.com.pe\/tienda\/producto\/autotransformador-de-4kva-220v-a-110v-50-60hz\/","title":{"rendered":"Autotransformador de 4KVA (220v a 110v) 50\/60hz"},"content":{"rendered":"<div class=\"html-div xdj266r x14z9mp xat24cr x1lziwak xexx8yu xyri2b x18d9i69 x1c1uobl\" tabindex=\"-1\">\n<p>Un autotransformador de 4KVA es un dispositivo el\u00e9ctrico dise\u00f1ado para convertir voltajes de 220V a 110V con una capacidad de manejar cargas de hasta 4 kilovoltamperios (KVA).<\/p>\n<p><b>Capacidad de carga<\/b>: 4KVA, lo que equivale aproximadamente a 4000 vatios, dependiendo del factor de potencia de la carga.<\/p>\n<\/div>\n<div class=\"html-div xdj266r x14z9mp xat24cr x1lziwak xexx8yu xyri2b x18d9i69 x1c1uobl\" tabindex=\"-1\">\n<p><b>Voltaje de entrada<\/b>: 220V, que es el voltaje de la red el\u00e9ctrica de suministro.<\/p>\n<\/div>\n<div class=\"html-div xdj266r x14z9mp xat24cr x1lziwak xexx8yu xyri2b x18d9i69 x1c1uobl\" tabindex=\"-1\">\n<p><b>Voltaje de salida<\/b>: 110V, adecuado para equipos el\u00e9ctricos dise\u00f1ados para operar a este voltaje.<\/p>\n<\/div>\n<div class=\"html-div xdj266r x14z9mp xat24cr x1lziwak xexx8yu xyri2b x18d9i69 x1c1uobl\" tabindex=\"-1\">\n<p><b>Frecuencia<\/b>: Compatible con frecuencias de 50\/60Hz, lo que lo hace adecuado para su uso en diversas redes el\u00e9ctricas alrededor del mundo.<\/p>\n<\/div>\n<div class=\"html-div xdj266r x14z9mp xat24cr x1lziwak xexx8yu xyri2b x18d9i69 x1c1uobl\" tabindex=\"-1\">\n<div class=\"xe0n8xf x12d4x0i x43rr9r x1d5s5ig x1cgcltr xzzxbak\">Este autotransformador es \u00fatil para una variedad de aplicaciones, incluyendo:<\/div>\n<\/div>\n<div class=\"html-div xdj266r x14z9mp xat24cr x1lziwak xexx8yu xyri2b x18d9i69 x1c1uobl\" tabindex=\"-1\">\n<p><b>Equipos industriales y comerciales<\/b>: Donde es necesario alimentar maquinaria o dispositivos espec\u00edficos que requieren 110V.<\/p>\n<\/div>\n<div class=\"html-div xdj266r x14z9mp xat24cr x1lziwak xexx8yu xyri2b x18d9i69 x1c1uobl\" tabindex=\"-1\">\n<p><b>Uso dom\u00e9stico<\/b>: Para conectar electrodom\u00e9sticos o dispositivos importados que est\u00e1n dise\u00f1ados para operar a 110V en hogares con suministro de 220V.<\/p>\n<p><strong>Autotransformador<\/strong><br \/>\nNorma de Fabricaci\u00f3n: ICE 60076 Parte 11, NTP 370-002<br \/>\nN\u00facleo magn\u00e9tico tipo step lap de 45\u00b0 corte en V, garantizando, alta eficiencia, p\u00e9rdidas m\u00ednimas de energ\u00eda y un trabajo silencioso tratamiento t\u00e9rmico Secado y llenado tecnolog\u00eda para transformadores.<br \/>\nProceso de fabricaci\u00f3n totalmente AUTOMATIZADO, insumos de<br \/>\nPrimera calidad, certificados con normas internacionales: ISSO 9001 y SGS.<\/p>\n<p><strong>Condiciones de Trabajo:<\/strong><br \/>\nAltitud: 5000 m.s.n.m<br \/>\nTemperatura de Trabajo: 0\u00b0 ~ 60 \u00b0C<br \/>\nHumedad Relativa: 0 ~ 95 % Sin condensaci\u00f3n<\/p>\n<p><strong>Equipo:<\/strong><br \/>\nGabinete de protecci\u00f3n: IP20, con tapa en la parte superior y accesible por los lados. Est\u00e1 provista por orificios de ventilaci\u00f3n. La entrada y salida de cables es por la parte trasera del equipo en borneras industriales.<br \/>\nGabinete met\u00e1lico: Fabricado en plancha LAF<br \/>\nAcabados: El gabinete es sometido a un proceso anticorrosivo de tipo fosfatizado. El pintado es de base ep\u00f3xido anticorrosivo y el acabado ser\u00e1 ep\u00f3xido crema. El proceso de pintado es electrost\u00e1tico.<\/p>\n<\/div>\n","protected":false},"excerpt":{"rendered":"<p><strong>Detalles R\u00e1pidos:<\/strong><\/p>\n<ul>\n<li>Lugar de Origen: Lima, Per\u00fa<\/li>\n<li>Nombre de la marca: ANCCO<\/li>\n<li>N\u00famero de modelo: AN-AT4000W<\/li>\n<li>N\u00famero de bobina: Autotransformador<\/li>\n<li>Voltaje de entrada: 220V AC<\/li>\n<li>Voltaje de salida: 110V AC<\/li>\n<li>Frecuencia de trabajo: 50\/60Hz<\/li>\n<\/ul>\n","protected":false},"featured_media":6127,"template":"","meta":{"_joinchat":[]},"product_brand":[],"product_cat":[253,245],"product_tag":[262],"class_list":{"0":"post-6239","1":"product","2":"type-product","3":"status-publish","4":"has-post-thumbnail","6":"product_cat-autotransformador","7":"product_cat-transformadores","8":"product_tag-autotransformador-de-220v-a-120v","10":"first","11":"instock","12":"sale","13":"shipping-taxable","14":"purchasable","15":"product-type-simple"},"_links":{"self":[{"href":"https:\/\/ancco.com.pe\/tienda\/wp-json\/wp\/v2\/product\/6239","targetHints":{"allow":["GET"]}}],"collection":[{"href":"https:\/\/ancco.com.pe\/tienda\/wp-json\/wp\/v2\/product"}],"about":[{"href":"https:\/\/ancco.com.pe\/tienda\/wp-json\/wp\/v2\/types\/product"}],"wp:featuredmedia":[{"embeddable":true,"href":"https:\/\/ancco.com.pe\/tienda\/wp-json\/wp\/v2\/media\/6127"}],"wp:attachment":[{"href":"https:\/\/ancco.com.pe\/tienda\/wp-json\/wp\/v2\/media?parent=6239"}],"wp:term":[{"taxonomy":"product_brand","embeddable":true,"href":"https:\/\/ancco.com.pe\/tienda\/wp-json\/wp\/v2\/product_brand?post=6239"},{"taxonomy":"product_cat","embeddable":true,"href":"https:\/\/ancco.com.pe\/tienda\/wp-json\/wp\/v2\/product_cat?post=6239"},{"taxonomy":"product_tag","embeddable":true,"href":"https:\/\/ancco.com.pe\/tienda\/wp-json\/wp\/v2\/product_tag?post=6239"}],"curies":[{"name":"wp","href":"https:\/\/api.w.org\/{rel}","templated":true}]}}