{"id":5948,"date":"2025-02-04T06:12:52","date_gmt":"2025-02-04T06:12:52","guid":{"rendered":"https:\/\/ancco.com.pe\/tienda\/?post_type=product&#038;p=5948"},"modified":"2025-02-04T06:13:54","modified_gmt":"2025-02-04T06:13:54","slug":"cargador-de-bateria-12v-20a-240w","status":"publish","type":"product","link":"https:\/\/ancco.com.pe\/tienda\/producto\/cargador-de-bateria-12v-20a-240w\/","title":{"rendered":"Cargador De Bater\u00eda 12v 20A 240W"},"content":{"rendered":"<p><b>Caracter\u00edsticas t\u00e9cnicas:<\/b><\/p>\n<p><strong>INGRESO:<\/strong><br \/>\nIngreso: 220V AC<br \/>\nConectores de Ingreso: Enchufe<br \/>\nFase: 1PH \u2013 Monof\u00e1sico<\/p>\n<p><strong>SALIDA:<\/strong><br \/>\nPotencia Real: 240w<br \/>\nSalida: 12 VDC<br \/>\nFase: 1PH \u2013 Monof\u00e1sico<br \/>\nConectores de salida: Cable Conector Cocodrilo<br \/>\nIndicador de Voltaje: Meter Anal\u00f3gico<br \/>\nEficiencia: = 98%<\/p>\n<p><strong>TRASFORMADOR:<\/strong><br \/>\nTipo: Auto-Transformador en Seco<br \/>\nMontaje: Interior<\/p>\n","protected":false},"excerpt":{"rendered":"<p><strong>Detalles R\u00e1pidos:<\/strong><\/p>\n<ul>\n<li>Lugar de Origen: Lima, Per\u00fa<\/li>\n<li>Nombre de la marca: JUPE<\/li>\n<li>Fase: 1PH \u2013 Monof\u00e1sico<\/li>\n<li>Voltaje de entrada: 220V AC<\/li>\n<li>Voltaje de salida: 12V DC<\/li>\n<li>Frecuencia de trabajo: 50\/60Hz<\/li>\n<li>Material de bobinado: Cobre<\/li>\n<li>M\u00e9todo de enfriamiento: Refrigeraci\u00f3n por aire natural de tipo seco<\/li>\n<\/ul>\n","protected":false},"featured_media":5940,"template":"","meta":{"_joinchat":[]},"product_brand":[],"product_cat":[59],"product_tag":[234],"class_list":{"0":"post-5948","1":"product","2":"type-product","3":"status-publish","4":"has-post-thumbnail","6":"product_cat-cargadores-de-bateria","7":"product_tag-cargador-de-bateria-12v-20a-240w","9":"first","10":"instock","11":"sale","12":"shipping-taxable","13":"purchasable","14":"product-type-simple"},"_links":{"self":[{"href":"https:\/\/ancco.com.pe\/tienda\/wp-json\/wp\/v2\/product\/5948","targetHints":{"allow":["GET"]}}],"collection":[{"href":"https:\/\/ancco.com.pe\/tienda\/wp-json\/wp\/v2\/product"}],"about":[{"href":"https:\/\/ancco.com.pe\/tienda\/wp-json\/wp\/v2\/types\/product"}],"wp:featuredmedia":[{"embeddable":true,"href":"https:\/\/ancco.com.pe\/tienda\/wp-json\/wp\/v2\/media\/5940"}],"wp:attachment":[{"href":"https:\/\/ancco.com.pe\/tienda\/wp-json\/wp\/v2\/media?parent=5948"}],"wp:term":[{"taxonomy":"product_brand","embeddable":true,"href":"https:\/\/ancco.com.pe\/tienda\/wp-json\/wp\/v2\/product_brand?post=5948"},{"taxonomy":"product_cat","embeddable":true,"href":"https:\/\/ancco.com.pe\/tienda\/wp-json\/wp\/v2\/product_cat?post=5948"},{"taxonomy":"product_tag","embeddable":true,"href":"https:\/\/ancco.com.pe\/tienda\/wp-json\/wp\/v2\/product_tag?post=5948"}],"curies":[{"name":"wp","href":"https:\/\/api.w.org\/{rel}","templated":true}]}}